6, -o*b - l + 2649 = 85. What is the hundreds digit of b?
5
Suppose 0 = 3*a, 4*z - z - 15*a = -20*a + 83067. What is the tens digit of z?
8
Suppose 13*g - 30*g - 16*g + 189189 = 0. What is the hundreds digit of g?
7
Let v(y) = 65*y**3 - 2*y**2 + 3*y - 2. Suppose 17 = 5*r + 12. Suppose 9*a + r = 10*a. What is the tens digit of v(a)?
6
Let h = 9023 + -5141. What is the hundreds digit of h?
8
Let q = 28 - 19. Let n(k) = 2792*k + 4*k**2 - 5 - 5598*k + 2798*k. What is the units digit of n(q)?
7
Suppose f - 42 = -2*f. Let v(q) = f*q**2 - 21*q**2 - 3 + 7*q + 8*q**2. What is the tens digit of v(-18)?
9
Suppose -2*u - 2*q + 8252 = 0, -17*q - 4122 = -u - 20*q. Suppose 27*z - 759 - u = 0. What is the hundreds digit of z?
1
What is the tens digit of ((-11)/(-66))/(6/398988)?
8
Let j(t) be the first derivative of 2*t**3 + 9*t**2 - 41*t + 167. What is the units digit of j(11)?
3
Suppose -2*r + 11 = -u, -3*r + 25*u - 30*u = -10. Suppose 0 = -r*x + 57 + 473. What is the hundreds digit of x?
1
Suppose 7*r - 76707 = 16414. What is the tens digit of r?
0
Let x = -3 + -1. Let q be -1*(x - (-1 - 1)). Suppose -5*n + 17 + 15 = d, -139 = -q*d + 5*n. What is the tens digit of d?
5
Suppose -4*c + 3*u = -209678, -6 = -5*u + 4*u. What is the hundreds digit of c?
4
Let v(i) = -2*i**3 + i**2 - i + 74. Let s be v(0). Suppose s*u - 4225 = 69*u. What is the tens digit of u?
4
Let u = 28774 + -22549. What is the hundreds digit of u?
2
Let l(f) = -1265*f - 35 + 596*f + 605*f. What is the units digit of l(-7)?
3
Let b(d) = -121*d - 127. Let i(f) = -182*f - 190. Let v(z) = -8*b(z) + 5*i(z). What is the tens digit of v(7)?
7
Let r = 1478 + -553. Let j = -318 + r. What is the units digit of j?
7
Suppose 351*y - 260*y - 115752 = 0. What is the thousands digit of y?
1
Let m(q) = 3 + 9*q - 28*q - 21 - 8. Let l be -4*(6 - (-39)/(-12)). What is the hundreds digit of m(l)?
1
Let q = 173561 + -123100. What is the ten thousands digit of q?
5
Let q = -23 + -449. Let i = q - -752. What is the hundreds digit of i?
2
Suppose 0*k - 5*k + 5687 = 3*m, -2*k + 4*m + 2254 = 0. Suppose c + 240 + k = 5*d, d - 3*c - 261 = 0. What is the units digit of d?
6
Suppose 26*g - 64961 = 91299. What is the hundreds digit of g?
0
Suppose -65476 = 74*f - 76*f + 2*s, -s = 3*f - 98182. What is the thousands digit of f?
2
Let j(g) = 12*g - 564 + 28*g + g + 565. Let u(o) = 2*o**2 - o - 1. Let v be u(-1). What is the tens digit of j(v)?
8
Let s(r) be the first derivative of 46*r**3/3 - 7*r**2/2 - 44*r - 39. What is the units digit of s(-4)?
0
Suppose 4*r - 990 = 3938. What is the units digit of r?
2
Let b be (-4 + 462/(-7))/(-2*1). Let l be (-837)/(-12) + (-1)/(-4). Let c = l - b. What is the units digit of c?
5
Let w(c) = 63*c**2 + 2*c + 12. Let y be w(-6). Suppose -1138 - y = -13*r. What is the hundreds digit of r?
2
Let j(i) = 4*i**2 + i - 4. Let n be j(2). Let d = 31 - n. What is the tens digit of (d/(-4))/((-1)/4)?
1
Let m(t) be the third derivative of -t**6/120 + 4*t**5/15 - t**4/4 - 4*t**3 + t**2 + 27. What is the units digit of m(15)?
1
Let i = -273 - -266. What is the tens digit of (-1592)/i + (-216)/504?
2
Let h = 14 - -12. Let l = h + -21. Suppose -281 = -l*n + 69. What is the tens digit of n?
7
Let v(l) = 6*l**3 + 34*l**2 - l + 22. What is the thousands digit of v(11)?
2
Suppose -19*t - 16 = -23*t. Suppose -t*a - 9 = -2*y - 59, 0 = -4*y - a - 55. Let u = y + 107. What is the tens digit of u?
9
Suppose -8447 = t - 8443, 2*t - 4006 = -i. What is the hundreds digit of i?
0
Let r(h) = h**3 - 8*h**2 - 16*h + 10. Let q be r(7). Let l = q - -546. What is the hundreds digit of l?
3
Let i(t) = 19*t**2 - 4*t - 1. Let j be i(-2). Suppose -k - 13 = -2*k. Let a = j + k. What is the tens digit of a?
9
Let u = -10 + -282. Let x = 695 + u. What is the units digit of x?
3
Suppose 64 = 16*g - 14*g. Suppose -4*v - x + 29 = 0, 4*x - x = 5*v - g. Let j(z) = z**3 - 6*z**2 + z - 10. What is the units digit of j(v)?
6
Suppose 0 = 7*d - 6*d - 18. What is the tens digit of (107/4)/((d/(-8))/(-9))?
0
Let u be 6 - 6 - -3 - -2. Suppose u*j + 1539 = 4*r, -3*r + 0*j + 1188 = 3*j. What is the hundreds digit of r?
3
Suppose 3*k - 5 = -38. Let d(t) = -5*t + 27. Let w be d(k). What is the tens digit of (-8 + 4)/((-4)/w)?
8
Suppose 5*v - 25761 = -a, 3*a - 87730 + 10531 = -3*v. What is the hundreds digit of a?
7
Let f = 55 + 77. Let w = f - 140. What is the tens digit of 30/w*(-40)/15?
1
Let s = 1029 + -96. Let z = s + -295. What is the tens digit of z?
3
Let y(l) = 4*l + 29. Let k be y(-11). What is the units digit of 2 - -890*((-66)/k - 4)?
8
Suppose 4243*a - 2129*a = 2138*a - 1190016. What is the units digit of a?
4
Let y(j) = -14*j - 75. Let o be y(-6). Suppose 13*t - o*t = 1472. What is the tens digit of t?
6
What is the thousands digit of (66/8)/(59/12508)?
1
Suppose -116*u = -104*u - 94*u + 1632620. What is the thousands digit of u?
9
Let f(o) = 24*o + 86. Let z be f(17). Suppose -4*l + 5*q = -z, 7*l + 2*q - 508 = 3*l. What is the tens digit of l?
2
Let f(v) = 2*v**2 - 79*v - 2695. What is the tens digit of f(-30)?
7
Suppose d - 920 = 2*c - 0*d, 3*c = d - 1379. Let u = 155 - c. What is the tens digit of u?
1
Let k(x) = -23*x**3 - 19*x**2 - 126*x - 14. What is the units digit of k(-9)?
8
Suppose -2*h - k - 24097 = -6*h, 6010 = h - 5*k. Suppose -9353 = -11*b + h. What is the hundreds digit of b?
3
Suppose 11*d = -17 + 1073. Suppose -101*y + d*y + 2520 = 0. What is the units digit of y?
4
Let z be 4/14 + (-22920)/(-42). Suppose 3*n = 543 + z. Suppose -x + n = 3*s, s - x + 86 = 207. What is the hundreds digit of s?
1
Let a be 2/3*(-9786)/(-4). Suppose -4*o + a = 287. Suppose 0 = -10*s + 6*s + o. What is the units digit of s?
4
Let w(c) = -c**3 + 5*c**2 + 11*c + 15. Let f be w(7). Let q be (4*f/20)/((-54)/(-2340)). Let a = q - -210. What is the tens digit of a?
5
Let m(z) = 8*z + 37. Suppose -f - 35 = -3*c, -5*c - f = 2*f - 49. What is the tens digit of m(c)?
2
Let i = 5601 - 3241. What is the hundreds digit of i?
3
Let a(z) = -295*z**3 + 494*z**3 - 11 - 2*z**2 - 682*z**3 - 12*z. What is the units digit of a(-1)?
2
Let i(z) = 33*z**2 + 4*z + 2. Let y be i(-3). Suppose -347*w = -167*w + 28016 - 656. Let m = y + w. What is the units digit of m?
5
Suppose 675 = -199*p + 184*p. Let h(c) = -c**2 + 2*c - 4. Let w be h(4). Let i = w - p. What is the units digit of i?
3
Suppose 2*h - 6*h = -496. Suppose 7*a - 288 = -225. Suppose h = -7*s + a*s. What is the tens digit of s?
6
Let t be 1735/(-75) + 2/15. Let h = 27 - t. Suppose n = 4*l + h, n + 2*l + 100 = 3*n. What is the units digit of n?
0
Let y(x) = 2*x - 5. Let s(a) = -2*a + 3. Let m be s(-1). Let k be y(m). Suppose -k*q + 45 = -4*q. What is the tens digit of q?
4
Suppose 0 = -b - 4, 4*p - 3*b - 2 - 2 = 0. Let h(n) = n + n + 1 + 2 + 40*n**2. What is the units digit of h(p)?
9
Let a be -1 + (-3 + 4 - (-2)/1). What is the units digit of 1 - a - -478 - -5?
2
Suppose 0*f + 1 = 2*f + 5*k, -5*f - 5*k = -10. Suppose -3*l + 645 = -f*d, 0 = -2*l - d + 2*d + 429. What is the tens digit of l?
1
Let h(n) = 199*n**2 + 4*n - 3. Let j(l) = -198*l**2 - 4*l + 2. Let d(q) = -4*h(q) - 5*j(q). What is the units digit of d(-1)?
2
Let n be 4*1*(-4)/8. Let h be (2 + n)/(4 + -5). Suppose -5*f = 2*z - 85, -4*z = 4*f - h - 80. What is the units digit of f?
5
Suppose 4*y - 6 = -l + 2*l, 5*l - 3*y = 4. Suppose -1222 = -2*x - l*r, 2*r + r = -5*x + 3051. What is the tens digit of x?
0
Let i(m) = -499*m**3 + 20*m**2 + 23*m + 5. What is the thousands digit of i(-3)?
3
Suppose 0 = -38*u - 3 + 3. Suppose u = -5*r + 611 + 2769. What is the units digit of r?
6
Suppose -1297*b + 1429*b - 2437644 = 0. What is the thousands digit of b?
8
Let y be 288/((100/(-375))/(4/(-6))). Let q = 1276 - y. What is the units digit of q?
6
Let g(k) = 3152*k**3 + 32*k**2 - 62*k - 2. What is the tens digit of g(2)?
1
Let y(r) = 236*r**2 + 25*r - 164. What is the units digit of y(8)?
0
Suppose -3*y + 19 = -h, -5*y = -4*y + 4*h - 28. Suppose -5*w + m + 337 = 0, -2*m + y = -6*m. Suppose 5*v = w + 103. What is the units digit of v?
4
Let t = -554 + 554. What is the tens digit of (1 - t)/((-34)/(-23018))?
7
Let d be (8/3)/(-2)*30/(-20). Let k(h) = -2 - 151*h**3 - d + 148*h**3. What is the units digit of k(-3)?
7
Let y be (18 - -1)/((-2)/(-30)). Let f 